, what is -6 + -167?
-16d
In base 16, what is 996 + -1?
995
In base 4, what is 11332 - -10?
12002
In base 4, what is -1 + 1033011?
1033010
In base 6, what is -3 - 42?
-45
In base 10, what is 1 + -64?
-63
In base 2, what is -101 - 101011?
-110000
In base 6, what is 435 + -12?
423
In base 7, what is -1 + 113?
112
In base 5, what is -11 + 121?
110
In base 10, what is -58 + -330?
-388
In base 2, what is -100110 + 101?
-100001
In base 6, what is 110 - -2?
112
In base 16, what is 0 + -34?
-34
In base 13, what is 1290 - 6?
1287
In base 11, what is -98 + 1?
-97
In base 5, what is -1 + -132400?
-132401
In base 9, what is 34 - -116?
151
In base 12, what is -1755 - 0?
-1755
In base 3, what is 1120002 - -12?
1120021
In base 15, what is 6 + -23?
-1c
In base 8, what is 15 - 1?
14
In base 9, what is -45 - -47?
2
In base 6, what is -1 - 215?
-220
In base 12, what is -5 - -57b?
576
In base 6, what is -54 - -154?
100
In base 9, what is 5 - -611?
616
In base 12, what is 2 + 1?
3
In base 9, what is -48 + -112?
-161
In base 6, what is -1 - -233?
232
In base 16, what is -2 + 29?
27
In base 3, what is -102 - -1?
-101
In base 13, what is 30 - -15?
45
In base 2, what is -100001 - 1100?
-101101
In base 16, what is 1f1 - -a?
1fb
In base 3, what is -221 - -2?
-212
In base 8, what is -244 - -13?
-231
In base 14, what is b - -78?
85
In base 10, what is -245 + 7?
-238
In base 11, what is 8 + -36?
-29
In base 3, what is -2 + 1200120?
1200111
In base 11, what is -2462 - 4?
-2466
In base 11, what is -34 + 1?
-33
In base 16, what is -ff + 0?
-ff
In base 16, what is -7 + -22?
-29
In base 14, what is 12 - 745?
-733
In base 5, what is -414400 + 2?
-414343
In base 16, what is -1b + 10?
-b
In base 14, what is -1 - 630?
-631
In base 13, what is 0 - -48?
48
In base 14, what is 5 + -1cd?
-1c8
In base 8, what is 6 - -225?
233
In base 4, what is -23 - -333?
310
In base 9, what is 4 + -20?
-15
In base 12, what is 2 + -6b?
-69
In base 2, what is -101100100000011 + -1?
-101100100000100
In base 8, what is -6663 - -5?
-6656
In base 3, what is 22222 - 1?
22221
In base 7, what is 0 + -21?
-21
In base 16, what is -bc2 - -4?
-bbe
In base 5, what is -3 + 341?
333
In base 4, what is 32 - 2122?
-2030
In base 7, what is -5 + 221?
213
In base 9, what is -10 - -40?
30
In base 7, what is -32 - -1415?
1353
In base 16, what is 24 - 140?
-11c
In base 5, what is -1 + 312?
311
In base 3, what is -121 - -2?
-112
In base 3, what is 22222 - 11?
22211
In base 11, what is 211 - 2?
20a
In base 16, what is -e + -12?
-20
In base 7, what is 2 - 251?
-246
In base 11, what is 2a - -198?
217
In base 16, what is -a9f2 - 1?
-a9f3
In base 6, what is -135352 + 1?
-135351
In base 12, what is 4 - -737?
73b
In base 10, what is -5 - 1482?
-1487
In base 13, what is 1 - -640?
641
In base 16, what is -5 - -3d?
38
In base 8, what is -1 - 1531?
-1532
In base 12, what is 8 + 17a?
186
In base 4, what is -2 + 12212?
12210
In base 4, what is 210 + 11312?
12122
In base 8, what is -30 - -1754?
1724
In base 11, what is 24 + 268?
291
In base 9, what is 8075 + -1?
8074
In base 6, what is -2 + 10?
4
In base 12, what is 3 - -130?
133
In base 16, what is -2 - 234?
-236
In base 3, what is -2 - 111?
-120
In base 6, what is -13 + 2?
-11
In base 9, what is 33 - -14?
47
In base 7, what is 351 - -35?
416
In base 11, what is 10a7 - 2?
10a5
In base 10, what is 5 + -178?
-173
In base 13, what is 1354 + -2?
1352
In base 9, what is 20 + 5?
25
In base 13, what is 4 + 4a?
51
In base 3, what is -111210 - -102?
-111101
In base 14, what is -2 + 51?
4d
In base 8, what is -51 - 166?
-237
In base 8, what is 3 - -10742?
10745
In base 9, what is 1041 + -31?
1010
In base 4, what is 2 - 102200?
-102132
In base 4, what is 201 + 11?
212
In base 9, what is 402 + -58?
333
In base 15, what is -e4 + -13?
-107
In base 4, what is 11 + 21212?
21223
In base 7, what is 3214 + 0?
3214
In base 9, what is 5 + 1727?
1733
In base 12, what is -3 + 966?
963
In base 15, what is 4d - -d4?
132
In base 2, what is 100010 + 10100?
110110
In base 15, what is 5 + 3d?
43
In base 6, what is 0 + -453?
-453
In base 13, what is -38c - 3?
-392
In base 3, what is -1 + 1212?
1211
In base 11, what is 2 - 34?
-32
In base 7, what is 20124 - -5?
20132
In base 10, what is 107 - 6?
101
In base 7, what is -4 - -21?
14
In base 3, what is 0 + 1021111?
1021111
In base 8, what is 10 + -137?
-127
In base 15, what is -d + 1bc?
1ae
In base 6, what is 120 + 1014?
1134
In base 14, what is -24a + 10?
-23a
In base 9, what is 628 + 5?
634
In base 10, what is 1189 - 4?
1185
In base 5, what is 4 + 11444?
12003
In base 10, what is -1283 + -9?
-1292
In base 9, what is -212 - -2?
-210
In base 6, what is 1 - 2425?
-2424
In base 4, what is -110 + 133?
23
In base 7, what is -3 + -1112?
-1115
In base 11, what is -5314 - 4?
-5318
In base 3, what is 12 + -10122?
-10110
In base 12, what is 0 + -26?
-26
In base 15, what is 1 + 2ac?
2ad
In base 12, what is -27 + 4?
-23
In base 10, what is 1439 + -1?
1438
In base 4, what is -20 - 20?
-100
In base 4, what is -21 + 30?
3
In base 8, what is 35364 + -2?
35362
In base 12, what is 8097 + 1?
8098
In base 3, what is -12 - -2?
-10
In base 9, what is 66 + 132?
208
In base 8, what is 402 + 3?
405
In base 13, what is 1 + -120?
-11c
In base 3, what is -110 - -122212?
122102
In base 13, what is 3b + -9a?
-5c
In base 12, what is 5 - 14?
-b
In base 3, what is 11012 + 20?
11102
In base 12, what is 5 + -28a?
-285
In base 10, what is -701 - 1?
-702
In base 7, what is -613 - 5?
-621
In base 7, what is -1254 - 1?
-1255
In base 7, what is 424 - -11?
435
In base 16, what is -1 - 27?
-28
In base 2, what is 101 - -1110000?
1110101
In base 2, what is 10101011 + -11?
10101000
In base 10, what is 7 + 13?
20
In base 16, what is bb + -8?
b3
In base 2, what is 10101101 + 1000?
10110101
In base 6, what is 3341 + -1?
3340
In base 9, what is -11 - -24?
13
In base 13, what is 107 - -2?
109
In base 16, what is -6c - 2?
-6e
In base 3, what is 102121 + 100?
102221
In base 12, what is -5 - 308?
-311
In base 11, what is 5 + -235?
-230
In base 13, what is 4 - 2617?
-2613
In base 15, what is 3559 - 3?
3556
In base 2, what is 10 + -11110?
-11100
In base 12, what is 5 + -363?
-35a
In base 11, what is 5 + 898?
8a2
In base 12, what is -63 - -92?
2b
In base 4, what is 11 - -312221?
312232
In base 12, what is a - 21?
-13
In base 12, what is -4 + 738?
734
In base 14, what is 1 + -5c?
-5b
In base 6, what is -5 + -3015?
-3024
In base 4, what is -2331112 - 0?
-2331112
In base 7, what is 3 - -14530?
14533
In base 3, what is -1001220012 - 1?
-1001220020
In base 11, what is -1087 + -3?
-108a
In base 11, what is 10 - 8a?
-7a
In base 10, what is -7 + -177?
-184
In base 4, what is -312011 - -11?
-312000
In base 2, what is 11101 - -110101000?
111000101
In base 5, what is -14120 - 3?
-14123
In base 15, what is -57 - 0?
-57
In base 16, what is 2 - 4?
-2
In base 12, what is 2 + 1427?
1429
In base 7, what is 5 + 141?
146
In base 8, what is 26 + 44?
72
In base 6, what is 3205 - -5?
3214
In base 8, what is 254 - -5?
261
In base 2, what is 100 - 110000000?
-101111100
In base 14, what is -58 - -39?
-1d
In base 12, what is b - 48?
-39
In base 6, what is 13 - 3535?
-3522
In base 3, what is -2122110 - 11?
-2122121
In base 6, what is -115555 - -2?
-115553
In base 8, what is 54 - -72?
146
In base 15, what is -1 + 55?
54
In base 14, what is -6 + -33?
-39
In base 15, what is -5 + -52?
-57
In base 14, what is 3 - 520?
-51b
In base 9, what is -3 + 874?
871
In base 14, what is -a + d4a?
d40
In base 8, what is -223 - 2?
-225
In base 6, what is 544 - -3?
551
In base 14, what is 5 + 408?
40d
In base 8, what is 5 + -663?
-656
In base 2, what is -100010 + -1000?
-101010
In base 7, what is 15462 + 3?
15465
In base 12, what is -5 - 2994?
-2999
In base 5, what is 1 - 1213?
-1212
In base 9, what is -6 + -7?
-14
In base 16, what is -15fb - -3?
-15f8
In base 9, what is 0 + -2181?
-2181
In base 14, what is -56 - -53?
-3
In base 13, what is 2514a + -4?
25146
In base 5, what is -4 - -1033?
1024
In base 6, what is 1542 - 2?
1540
In base 7, what is -26 + 105?
46
In base 4, what is -10 - 122000?
-122010
In base 2, what is -10010 + 111?
-1011
In base 9, what is 137 + 7?
145
In base 12, what is -5 + -363?
-368
In base 7, what is 12 - 2424?
-2412
In base 7, what is 3 + 12?
